 prime factors of t.
2, 3, 13
Let l = -15 + 7. Let s be (-27)/(-4) - 2/l. Suppose -2*m + 5*j = -5*m + s, -5*j - 11 = m. List the prime factors of m.
3
Suppose 5*u = -4*n + 70, 4*n - 40 = -0*u - 2*u. Suppose 3*r = -u + 37. List the prime factors of r.
3
Let g = 27 + -18. Let r be 22/1 + (-12 - -8). Let z = r - g. What are the prime factors of z?
3
Let u(z) = -5*z**2 - 9*z + 1. Let r(h) = -h**2 - h + 1. Let s(j) = 4*r(j) - u(j). What are the prime factors of s(-6)?
3
Let k = 100 - 70. Suppose 5*w = -0*w + k. Let i(l) = l + 5. What are the prime factors of i(w)?
11
Suppose -4*x - 36 = -6*x. Let a = 38 - x. What are the prime factors of a?
2, 5
Let t(n) = 2*n**2. Let s be (12/10)/((-1)/(-5)). Let k(b) = -b**2 + 6*b + 1. Let u be k(s). List the prime factors of t(u).
2
Let b(w) be the third derivative of w**5/60 + w**4/6 + w**3/6 + 3*w**2. Let j be b(-5). What are the prime factors of j/(-2) + 18 + -1?
2, 7
Let a(n) = n**2 - 16*n - 34. What are the prime factors of a(18)?
2
Let u(w) = w. Let r be 5/(-15) - (-16)/3. Let t be u(r). Suppose 38 = t*p - 37. List the prime factors of p.
3, 5
Let l = 80 + -36. List the prime factors of l.
2, 11
Suppose 717 = 2*g + g. What are the prime factors of g?
239
Let o(d) = -11*d**3 - d**2 + 1. Suppose 0 = -5*w - b, -8 = -w - w - 2*b. List the prime factors of o(w).
11
Let i(n) = n + 6. Let u be i(-5). Let t = -6 - u. List the prime factors of ((-8)/(-14))/((-2)/t).
2
Let x = -50 - -230. List the prime factors of x.
2, 3, 5
Let x be (3 + (-1 - 124))/(-2). Let v = -41 + x. What are the prime factors of v?
2, 5
Let o = 8 - 4. Suppose -o*s = 3*z - 51, -z + 17 = s + 5. What are the prime factors of s?
3, 5
Let n = -4 - -3. What are the prime factors of n/((-2)/(-2 + 8))?
3
Let r be 5 + (-2 - 0) + -5. Let w be (0 + (r - -75))*1. Suppose 4*k = 5*v - w, -5*k + 6 = 2*v - 10. List the prime factors of v.
13
Let u = 10 + -10. Suppose -h + u - 3 = 0. List the prime factors of -3 - h - 1*-23.
23
Suppose -3*i = -2*m + 135, -4*m + i + 340 = 45. Let n = m + -44. Suppose 0 = -3*q - 2*v + 46, -4*q + n = -4*v - 37. List the prime factors of q.
2
Suppose 2*p - 150 = -p. What are the prime factors of p?
2, 5
Let n(a) be the second derivative of -a**5/20 - a**4 - 7*a**3/3 - 8*a**2 - 4*a. What are the prime factors of n(-11)?
17
Let y(f) = -4*f**2 + 5*f + 4. Let z be y(4). Suppose 0 = 3*u + 5*l + 191, -l - 2*l = u + 69. Let n = z - u. List the prime factors of n.
17
Let p(x) = x**3 - 5*x**2 + 4*x - 4. Let t be p(4). List the prime factors of (104/(-10))/(t/10).
2, 13
Let r be 22/5 - (-6)/(-15). Let f(t) = t**3 - 5*t**2 - t + 5. Let o be f(5). Suppose r*w - 13 - 3 = o. What are the prime factors of w?
2
Let k = -13 + 8. Let b = k + -5. Let f = b + 18. What are the prime factors of f?
2
Suppose 10*m - 6 = 7*m. Let r = 5 - -1. Suppose -m*s = -r*s + 60. What are the prime factors of s?
3, 5
Suppose 4*y = -y + 45. What are the prime factors of y?
3
Let u(i) = 3*i + 2. Suppose 5*z - 6*z = -2. What are the prime factors of u(z)?
2
Let j = 4 + -2. Let d = j + -1. Suppose 0 = x - 9 - d. What are the prime factors of x?
2, 5
Suppose 0*w - 12 = 2*w. Let p(i) be the first derivative of i**3/3 + 5*i**2/2 + i + 1. What are the prime factors of p(w)?
7
Suppose 4*y = -2*k + 12, 3*k + 2*k = 5*y - 30. Let j be (k/6)/(3/(-18)). Let x(v) = 3*v**3 - v**2 - v - 1. What are the prime factors of x(j)?
17
Let k(z) = 4*z**2 - 3*z - 3. Let p be k(-4). Suppose -4*t - 2*x + p - 15 = 0, -5*t = 3*x - 73. What are the prime factors of t?
2, 7
Let s(a) = 2*a**3 + 3*a - 2. Let n be s(2). Let f = 56 - n. What are the prime factors of f?
2, 3
Let q(u) = 40*u**3 + 4*u - 10. Let k(d) = 13*d**3 + d - 3. Let j(t) = -7*k(t) + 2*q(t). Let s = -4 + 3. List the prime factors of j(s).
11
Suppose 6*k = -20 + 320. What are the prime factors of k?
2, 5
Suppose -8 = -5*p + 17. Let n = 3 + p. List the prime factors of n.
2
Suppose -1 = c - 19. Suppose 4*u = 2*z - 30, 0 = -2*u + 3*z - 7*z - 40. Let v = u + c. List the prime factors of v.
2
Let j(d) = 10 + 8*d**2 + 1 + d**3 - 3*d + 4 - 24. Let z = -19 + 11. List the prime factors of j(z).
3, 5
Suppose -196 = -5*s - 3*t, -4*t = 2*s + 14 - 84. List the prime factors of s.
41
Let l(a) = 6*a**3 - 6*a**2 - 8*a + 3. Let u(z) = -z**3 + z**2 + z. Let r(s) = -l(s) - 5*u(s). Let v be r(2). What are the prime factors of v/(53/18 + -3)?
2, 3
Suppose -16*t = -20*t + 400. List the prime factors of t.
2, 5
Let f be (-46)/(-10) - (-6)/15. Suppose n = -f*n + 18. List the prime factors of n.
3
Suppose -3*n + 3*v + 3 = -0*n, 4*v - 21 = -n. Suppose -7*f = -n*f - 46. List the prime factors of f.
23
Suppose x - 11*x = -220. List the prime factors of x.
2, 11
List the prime factors of 191/4 - (-9)/36.
2, 3
Suppose 0*s = 2*s - 12. List the prime factors of ((-10)/s - -1)*-24.
2
Let z be (6/(-15))/(1/5). Let i(h) = -2*h + 1. List the prime factors of i(z).
5
Suppose -12*j + 426 = -10*j. List the prime factors of j.
3, 71
Suppose f + 17 = 3*k, 0 = 4*f + k + 2*k + 8. Let c = 1 - f. What are the prime factors of c?
2, 3
Let x(f) = -f**3 - 10*f**2 - 2*f - 13. Suppose 22 - 2 = -2*u. What are the prime factors of x(u)?
7
Suppose -4*a + a = -6. Let o(t) = 5*t**2 - a - 4*t + 2*t + 1 + 4*t**2. List the prime factors of o(-1).
2, 5
Suppose 0 = -3*i - 4*r + 25, -i - 3 = -r - 2. Suppose l - 6 + 0 = 0. Let y = l - i. List the prime factors of y.
3
Let d be -8*((-21)/6 - -3). Suppose 4*i = k + 69, d*i + 0*k - 66 = -2*k. What are the prime factors of i?
17
Let c be 84/9*(-3)/(-2). Let a be 77/c + 2/(-4). Suppose 0 = -a*b - 15 + 115. List the prime factors of b.
2, 5
Suppose 5*k = 2*k - 39. Let u = k + -9. What are the prime factors of (u - (0 - 3))*-1?
19
Suppose -45 = -3*x - 6. Suppose i - 2*i = -x. List the prime factors of i.
13
Suppose 4*r + 0*r + 24 = 0. Let a = r - -7. List the prime factors of (3 - -5) + 0 + a.
3
Let a be (1 + -3)/((-1)/4). Suppose 0 = -v - a + 15. What are the prime factors of v?
7
Suppose 3*a - 3*k + 6 = -0*a, 3 = -2*a + 3*k. Let y be (-2)/(1 + a)*4. Let o(r) = 3*r. What are the prime factors of o(y)?
2, 3
Let y(p) = 3*p**3 - 6*p**2 + 9*p + 14. List the prime factors of y(5).
2, 71
Let t(u) = u**2 + 3*u + 6. Let q(y) = y**2 + 9*y + 10. Let n be q(-7). What are the prime factors of t(n)?
2, 5
Let c = -6 - -6. Suppose c = 3*l + l - 12. What are the prime factors of l?
3
Let l(c) = 13*c - 15. List the prime factors of l(5).
2, 5
Let n = -14 + 38. List the prime factors of n.
2, 3
Suppose -9*k + 4*k + 10 = 0. Suppose -34 = -4*m + k. What are the prime factors of m?
3
Let i = -215 + 481. List the prime factors of i.
2, 7, 19
Suppose 6*f + 82 = 7*f. What are the prime factors of f?
2, 41
Suppose 5*b - 8*b - 60 = 0. Let r = b + 35. List the prime factors of r.
3, 5
Suppose 0 - 1 = w - 3*l, -2*w = l - 12. Let y = 7 - w. Suppose -y*q + q + n = -5, 5*n - 10 = 0. List the prime factors of q.
7
Let x(a) = a + 20. List the prime factors of x(-6).
2, 7
Suppose -5*c + 5*g - 15 = 0, 0*c + 9 = -c + 3*g. Let y(z) = -3*z + z**3 + 3*z + 10. What are the prime factors of y(c)?
2, 5
Suppose 0 = -3*r - 3*c + 6, 2*r + r - 3*c = 0. Let t be 2*(-2 + r) - -20. Let n = 26 - t. List the prime factors of n.
2
Let h(p) = p**3 - p**2 + 3. Let j be h(0). Suppose -4*b - 17 = -j*m - 3*b, 5*m - 40 = 4*b. What are the prime factors of m?
2
Suppose -4*f - 12 = -2*a + 22, 0 = -2*a - 5*f + 52. What are the prime factors of a?
3, 7
Suppose 2*l - 57 = -9. List the prime factors of l.
2, 3
Suppose 0*h + 3 = h. Suppose 0 = -z - 2*b + 2 + 2, h*z + 2*b - 8 = 0. List the prime factors of z.
2
Let l = 19 + -6. Let b = 31 - l. What are the prime factors of b?
2, 3
Suppose 5*c - c = 0, -4*q = 3*c - 288. Suppose -4*a = 2*w - q, 4*w = -a + 4*a - 32. What are the prime factors of a?
2
Let k = 101 - 68. Suppose -k + 108 = -3*r. Let n = r + 43. What are the prime factors of n?
2, 3
Suppose 2 + 7 = -3*z, 0 = -4*q - 5*z + 1017. What are the prime factors of q?
2, 3, 43
Suppose 169 = 4*a + t, 2*a + 0*a + 5*t - 71 = 0. What are the prime factors of a?
43
Suppose 3*l - 1 = 4*n - 0, 5*n - 3*l - 1 = 0. Suppose -4 = -0*y + 4*y, 0 = 4*t - 3*y - 299. What are the prime factors of t/10 - n/5?
7
Let m = -3 - -8. Suppose -m*j = -16 - 14. List the prime factors of j.
2, 3
Let s = -263 - -557. List the prime factor